of f(-3)?
2, 3
Suppose 94*q - 103948 = 59518. What are the prime factors of q?
37, 47
Let o(l) = 132*l**2 + 6*l - 5. Let u be o(2). Let g = u - 309. List the prime factors of g.
2, 113
Let b be (0 - 0) + 1620/((-28)/(-7)). Let v = -119 + b. List the prime factors of v.
2, 11, 13
Suppose 28 = 5*g - 22. Let a(h) = 2*h**2 - 18*h + 7. Let p be a(9). Suppose p = t - g. List the prime factors of t.
17
Suppose 0 = -4*f - 17 - 11. Let x(p) = -12*p - 8. List the prime factors of x(f).
2, 19
Suppose 17 = 2*i + 4*k + 125, 5*i - 5*k = -330. Let p = -40 - i. List the prime factors of p.
2, 11
Let v = -138 + 237. Let r = -162 + v. Let d = r - -94. What are the prime factors of d?
31
Suppose -2*o = -3*b - 25, 5*o - 2*b = 10 + 25. Suppose -2*c = -4*x + o*x - 80, 4*c = 3*x - 290. List the prime factors of x.
2, 3, 5
Let u(j) = 3*j**2 - 8*j**3 + 5*j - 5 - 4 + 7 - 10*j**3. What are the prime factors of u(-2)?
2, 3
Let l = 37 - 16. What are the prime factors of (14/l)/((-4)/(-570))?
5, 19
Let r = 828 + -151. Suppose 5*l + 5*m = 321 + 754, 3*l = 5*m + r. List the prime factors of l.
3, 73
Suppose -8460 = -38*w + 26*w. List the prime factors of w.
3, 5, 47
Let i = -431 - -959. What are the prime factors of i?
2, 3, 11
Let b be (4 - 4)/(0 + 1). Suppose b = 5*d + 13 - 58. What are the prime factors of d?
3
Suppose -4*d = d + 28310. List the prime factors of 3/(-5) + d/(-95).
59
Let u(d) = -7*d + 7. Let k be 4/10 + (-1380)/(-50). Suppose -s - 2*s + n = k, s = -2*n. What are the prime factors of u(s)?
3, 7
Let w be 2/5 - (-54)/(-10). What are the prime factors of (-2 - -1)*(0 + w + -1)?
2, 3
Suppose -54 = -4*f + 2. What are the prime factors of f/(3*(-1)/(-6))?
2, 7
Let n(k) = -k**2 - 13*k - 16. Let d be n(-11). Suppose -z + 3*x + 82 = d, -2*x + 283 = 3*z. List the prime factors of z.
7, 13
Suppose 26186 = 28*c - 30234. What are the prime factors of c?
5, 13, 31
Suppose 16*r - 20*r = -680. Suppose h = -3*h + 5*w + 178, w + r = 4*h. List the prime factors of h.
2, 3, 7
Suppose 4*a - 68 = 3*a. List the prime factors of a/3 + 1 + (-5)/3.
2, 11
Suppose 0 = 13*n - 3719 - 168. What are the prime factors of n?
13, 23
Suppose 0*k - 48 = -3*k. Suppose -z - 1 = 3*s + 5, 5*z - 5*s = 10. Suppose -k = -z*w - 4*w. What are the prime factors of w?
2
Let n = -52 + 19. Let z = n + 248. What are the prime factors of z?
5, 43
Let t = 166 + -154. What are the prime factors of (-122)/(-5) + t/20?
5
Let d(l) = l**3 + 2*l**2 - 2*l - 1. Suppose -4 = -z - 1. Suppose z*a = -0*a + 6. What are the prime factors of d(a)?
11
Let s(y) = y**3 - 5*y**2 + 42*y - 47. What are the prime factors of s(13)?
3, 617
Let z = 2 - -1. Suppose 0*f - z*s + 20 = 5*f, s - 4 = -f. Suppose -f*v + 118 = -14. What are the prime factors of v?
3, 11
Let i(m) = -6*m - 10. Let r = 4 - 13. Let v be i(r). Let u = -30 + v. What are the prime factors of u?
2, 7
Let v = 29 - 49. Suppose 5*x + 5 = 0, -2*x + 5*x = -h - 1. List the prime factors of (5/(-10))/(h/v).
5
Suppose f + f - 2*c - 12 = 0, 0 = 5*f + 5*c. Suppose -f*k = -9, -2*k - k = -3*d + 309. What are the prime factors of d?
2, 53
Suppose -18840 = 92*w - 102*w. What are the prime factors of w?
2, 3, 157
Let c = 0 - 3. Let w be 568/6 + 2/c. Let q = w + -67. List the prime factors of q.
3
Suppose 3*p = 26*g - 30*g + 965, -3*g - 1647 = -5*p. List the prime factors of p.
3, 109
Let y be (-82)/8 - 17/(-68). Let k be (-134)/(-10) - 2/5. Let r = k - y. List the prime factors of r.
23
Let d(m) = -m**2 + 4*m + 4. Let c = 1 - -3. Let x be d(c). What are the prime factors of (29/(-2))/((-2)/x)?
29
Let o be (1*-3)/((-2442)/(-492) + -5). Let t = o - -51. What are the prime factors of t?
7, 19
Suppose 7*v - 4*v - 1 = 5*m, -2*v = 3*m - 7. Let d be 37755/165 - v/(-11). Suppose -n = -4*a + 227, 4*a - 2*n + 3*n - d = 0. What are the prime factors of a?
3, 19
Suppose 4*s - 98 + 572 = -2*r, 739 = -3*r + s. Let k = -115 - r. List the prime factors of k.
2, 5, 13
Let t = -13 - -70. Suppose 84 = w + 4*w + 3*r, t = 3*w + 4*r. What are the prime factors of (8/5)/(6/w)?
2
Suppose 349 = 5*x - 46. Let l = 17 - x. Let g = -43 - l. What are the prime factors of g?
19
Let n = 526 + 515. Suppose -5*a + 3*h = -1450 + 393, -5*a - h + n = 0. List the prime factors of a.
11, 19
Suppose 2*x + 2*x - 4*c - 24 = 0, c + 15 = 4*x. Let q(m) = 3*m**3 + 2*m + 4. What are the prime factors of q(x)?
7, 13
Suppose 0 = 34*h - 49839 - 3167. What are the prime factors of h?
1559
Let r(p) be the first derivative of -31*p**2/2 - 17*p + 17. List the prime factors of r(-5).
2, 3, 23
Suppose -3*p + 24 + 45 = 0. Let j(i) = p*i**3 - 1 + 0*i + 2 + 0*i. What are the prime factors of j(1)?
2, 3
Let n(v) = -100*v - 728. List the prime factors of n(-55).
2, 1193
Let t = 351 + 154. What are the prime factors of t?
5, 101
List the prime factors of ((-2676)/(-5))/(4/(400/30)).
2, 223
Suppose -5*k + 4371 = -619. List the prime factors of k.
2, 499
Suppose -32 = -x + 47. Suppose -2*k + 5 + x = 0. List the prime factors of k.
2, 3, 7
Suppose 15 = f - 4*f. Let d = -3 - f. Suppose 4*k + d*l = 158, 16 - 4 = -4*l. List the prime factors of k.
41
Suppose -5*w + 4234 = -411. List the prime factors of w.
929
Suppose -4*b - b + 10 = 0. Suppose b*q - x = -5, q - x = -3*q - 13. Let j = 16 - q. List the prime factors of j.
2, 5
Let p = -789 - -2116. List the prime factors of p.
1327
Suppose -14*a - 5308 = -31810. What are the prime factors of a?
3, 631
Suppose -1088 = -5*a + i + 290, -565 = -2*a + 5*i. List the prime factors of a.
5, 11
What are the prime factors of 29/(-10)*-374 - (-8)/20?
5, 7, 31
Let z = -1 + -2. Let g(v) = -v**3 + 3*v**2 - v - 6. List the prime factors of g(z).
3, 17
Let k = 1 - -2. Let b(a) = -a**2 + 3*a + 3. Let d be b(k). Suppose n + 15 = 4*n - 4*c, 3*n - 15 = -d*c. What are the prime factors of n?
5
What are the prime factors of 181342/119 - 4/(-34)?
2, 3, 127
Let m = -769 + 1784. List the prime factors of m.
5, 7, 29
Let a(h) = -h**3 - 12*h**2 - 3*h + 1. Let b be a(-9). Let k = b - -139. Let y = k - -106. What are the prime factors of y?
2, 3, 5
Let s(f) = 3*f**2 - 4*f + 3. Let d be s(2). Let k(x) = -3 + 3 + 5 + d*x - x + x**2. List the prime factors of k(-6).
5
Let f(k) be the first derivative of k**3/3 - 11*k**2/2 - 2*k - 3. Let r(c) be the first derivative of f(c). List the prime factors of r(10).
3
Let o = 990 - -3064. List the prime factors of o.
2, 2027
Suppose 12*f - 2514 = 2646. What are the prime factors of f?
2, 5, 43
Suppose 13*q - 746 - 1048 = 0. List the prime factors of q.
2, 3, 23
Suppose -17 = -5*w + 433. List the prime factors of w.
2, 3, 5
Let n(u) = -6*u - 27. Let o be n(-31). Let j = -91 + o. List the prime factors of j.
2, 17
What are the prime factors of (-4)/6*(376278/28)/(-31)?
17
Suppose 3*f - 5*n = 2148, -f + 615 = 5*n - 121. What are the prime factors of f?
7, 103
Let v(b) = 9*b**2 + 8*b + 15. Let k be v(-5). Suppose -10*y + 8*y + k = 0. List the prime factors of y.
2, 5
Let z(u) = -u**2 - 19*u - 13. Suppose -2*w = -4*q + 4, 0*q = 3*w + 5*q - 38. Let k = w + -13. List the prime factors of z(k).
71
Suppose -21 + 63 = -3*i. Let x(d) = 11*d + 6. Let k be x(9). What are the prime factors of k/i*(-2 - 0)?
3, 5
Suppose 5*v + 31 = 46. Let j be 3*v*(12 + -9). What are the prime factors of 4/18 + 1209/j?
3, 5
Let q be (-2)/(-6) + 440/(-15). Let l be (2 - 0) + (52 - 0). Let g = q + l. List the prime factors of g.
5
Let p = -19 - -21. Suppose -p*z + v = -73, 2*z - 53 = -0*v - 3*v. List the prime factors of z.
2, 17
Let r = -2210 - -4080. List the prime factors of r.
2, 5, 11, 17
Suppose 3*s - 4*o = -20, -5*o + 25 = 4*s - 0*o. Suppose s*i - i - 5*x - 5 = 0, -3*i - x + 27 = 0. Let g(r) = 4*r - 15. List the prime factors of g(i).
5
Let a be (144/120)/((-4)/(-90)). Suppose -j = -0*j - a. List the prime factors of j.
3
Let z = 2482 + -1789. List the prime factors of z.
3, 7, 11
Let c be (16 - 7) + -1*3. Suppose -3*i + 2*g - 46 = -c*i, 4*g = 3*i - 16. Suppose -5*j + i*j = 14. List the prime factors of j.
2
Suppose 0 = -4*d + 2*k + 34, -6*d + 2*d + 31 = k. Suppose d*w - 4*w - 556 = 0. List the prime factors of w.
139
Let b be -2 + (3 - 1) + -50 + 2. What are the prime factors of (-425)/10*3/(45/b)?
2, 17
Let f = 3 + -1. Let a be (-5 - f)/(0 - -1). Let x(h) = -h**2 - 11*h - 8. List the prime factors of x(a).
2, 